-434749 - 1181924. What is the thousands digit of n?
8
Let s(k) = 86*k**2 + 22*k + 1342. What is the hundreds digit of s(-25)?
5
What is the thousands digit of -2 - 4 - (-4657 + 8 + -4 + -3)?
4
Suppose -274*b = 13*b - 5156816. What is the hundreds digit of b?
9
Let f = -67619 - -127440. What is the thousands digit of f?
9
Suppose -9*z + 34*z = -4300. Let s = -627 - -347. Let o = z - s. What is the hundreds digit of o?
1
Suppose -p = 2*i - 76, -p = -0*i + 3*i - 77. Let j be ((-5785)/30 - 5 - -1)/((-10)/60). Suppose -5*h + p = -j. What is the tens digit of h?
5
Suppose -4037904 = -89*z - 67*z. What is the hundreds digit of z?
8
Let o(h) = -4*h**3 - 5*h**2 + 4*h - 3. Let m be o(-5). Let g be (-21)/(-10 + 444/48). Suppose 24*z - g*z + m = 0. What is the units digit of z?
8
Suppose 37*w - 43*w = 58*w - 694208. What is the tens digit of w?
4
Let b be (2/(8/(-2)))/((-5)/(-10)). Let c be 1*(0/b + 0). Suppose -5*t + 403 = -3*m - 0*m, -2*t - 4*m + 182 = c. What is the tens digit of t?
8
Let g be 111 - 4/(-6)*3*1. Let z = g - 113. Suppose 5*a + z*a = 915. What is the tens digit of a?
8
What is the units digit of (-22530)/(-11) - 1 - (-48)/(-264)?
7
Suppose -1129 = -3*d - 241. Let q = d - 200. Suppose -z - 2*j + 53 = 0, z - 2*j + 27 = q. What is the tens digit of z?
6
Let a(f) = -30*f - 13. Let t be a(-3). Let p = t + -70. Let x(b) = b**3 - 4*b**2 - b + 4. What is the units digit of x(p)?
4
Suppose -737*j = -707*j - 84330. What is the units digit of j?
1
Suppose 7*p - 24 = 4*p. Let o = 55 + -10. Suppose -j + o + 23 = -4*t, -p = -2*t. What is the tens digit of j?
8
Let y(x) = -x**3 + 16*x**2 + 17*x - 9. Let t be y(17). Let a(h) = 6*h**2 - 9*h - 8. What is the units digit of a(t)?
9
Suppose 52468 = 4*i + 3*z + 5692, -2*i + 23394 = 3*z. What is the units digit of i?
1
Let s = -5544 + 6288. What is the hundreds digit of s?
7
Suppose 2*v - 4*v = -14*v + 151536. What is the tens digit of v?
2
Let d be 5 + (1562 - -1)/(46 - 43). Suppose -8*l = -d - 1914. What is the tens digit of l?
0
Suppose 0 = -87*g + 438251 + 71395. What is the tens digit of g?
5
Suppose -188*u + 185*u + 8*d + 40245 = 0, 4*u - 53689 = d. What is the tens digit of u?
2
Let j(q) = -1 + 8 - 106*q + 161*q + 105*q. What is the tens digit of j(2)?
2
Suppose 20*j - 5098 = 19*j. Suppose 0 = 9*a + 562 - j. Suppose -8*s + 88 + a = 0. What is the units digit of s?
4
Let y(p) = 19*p - 3. Suppose 4*c + 1 = -3*j, 10 = 4*j + j - 5*c. Let f be y(j). Suppose 0 = -z + 5*a + f, -z = z - 2*a - 8. What is the units digit of z?
1
Let j(h) = -119*h - 67. Let x be (-24)/9 + (-9)/27. What is the hundreds digit of j(x)?
2
Suppose -m + 3*m - p = 8, 3*p + 12 = 3*m. Let t be (1 + 313)*(0 - m/(-8)). Let z = t - 56. What is the hundreds digit of z?
1
Suppose -35569 + 1855 = -4*m - 2*s, -3*s - 8411 = -m. What is the thousands digit of m?
8
Suppose -k + 59044 = -4*r + 330429, 4*r - 271386 = 2*k. What is the ten thousands digit of r?
6
Let k = 40260 + -7544. What is the thousands digit of k?
2
Let c(h) = 19*h**3 - 2*h**2 + 2*h - 13. Let l = -197 + 200. What is the units digit of c(l)?
8
Suppose 2*p + 184 = 3*p. Let q(k) = -47*k - 1454. Let j be q(-31). Suppose -a = -j*a + p. What is the tens digit of a?
9
Suppose -5*z = 4*r - 6 - 2, -10 = 2*z - 5*r. Suppose 8*y - 42 + 2 = z. Suppose o + 3*o = -y*t + 3, t - 12 = 3*o. What is the units digit of t?
3
Suppose 17*b = 11*b - 72. Let s be b*((0 - 52/12) + 4). What is the tens digit of 0 + 2/s - 507/(-2)?
5
Let w(p) = -38*p - 20. Let a(u) = -12*u - 2. Let m(h) = 12*h + 3. Let j(x) = -4*a(x) - 5*m(x). Let f(l) = 8*j(l) - 3*w(l). What is the units digit of f(1)?
2
Suppose 0 = -9*h + 18*h - 7974. Let t = -571 + h. What is the units digit of t?
5
Let v(n) = -13*n + 74. Let j be v(0). Suppose j*f - 2625 = 67*f. What is the units digit of f?
5
Suppose r + 11*r = 888. Let a = r + -17. What is the units digit of a?
7
Let m = -59 - -51. Let x be (-20)/m*(-8)/(-10). Suppose 5*a + x*i = -0*i + 370, -2*a + 177 = -5*i. What is the units digit of a?
6
Let s(z) = 41*z + z + 8 - 8 - 2. What is the hundreds digit of s(10)?
4
Let g be -3*(7/3 + -5). Suppose 0 = -2*j + g*j - 1332. What is the tens digit of j?
2
What is the hundreds digit of 1325*(-18*(-12)/(-30) - -9)?
3
Suppose 4*f = -4*c + 4, 0 = f + 3*f + 5*c - 5. Suppose 3*i - 8*i = f. Suppose 4*j + 2*r - 360 = -r, i = -3*j - 3*r + 270. What is the units digit of j?
0
Let n(j) = 826*j**2 - 3*j + 11. What is the tens digit of n(-3)?
5
Let g(t) be the first derivative of 103*t**6/180 - t**4/24 - 2*t**3 + 44. Let k(r) be the third derivative of g(r). What is the tens digit of k(-1)?
0
Let q(w) = -130*w - 29. Let p(n) = -130*n - 26. Let k(r) = -4*p(r) + 5*q(r). What is the tens digit of k(-7)?
6
Let y(z) = 3*z**2 + 7*z + 56. Suppose 0*d - 38 = 3*d + 5*j, -2*d - 24 = 3*j. What is the units digit of y(d)?
2
What is the units digit of -8 + 88/8 - -7919?
2
What is the ten thousands digit of (4 + (-36)/(-81))*8469?
3
Let n(i) = 8*i**2 + 9*i + 1. Let b be n(2). Suppose 0 = 2*s - a - 116, s + a = b + 4. What is the tens digit of s?
5
Suppose -7*j - 198 = -30. What is the hundreds digit of (-282)/(4*4/j)?
4
Suppose -4*v - 15 = -335. Suppose 0 = -3*l - v + 74. Let j(q) = 8*q**2 - 3*q + 2. What is the tens digit of j(l)?
4
Suppose -396 = 44*w - 33*w. What is the tens digit of w/(-8)*(-260)/(-3)?
9
Suppose 5*s - 17546 = -3*f, 0 = -5*f - 9*s + 8*s + 29280. What is the hundreds digit of f?
8
Suppose -34*o + 100529 + 312140 + 238397 = 0. What is the tens digit of o?
4
Suppose 5*h = -366 + 16. Let i be 8 + h/8 - (-534)/8. What is the hundreds digit of (-4)/(-22) - (1 - 14508/i)?
2
Let j(d) = -6*d**2 - 22*d + 1. Let t be j(-4). Let m(r) = -25*r - 14*r + 13*r + 19. What is the units digit of m(t)?
1
Suppose 0 = -4*k + 51 + 29. What is the units digit of 50/k*(-92)/(-5)?
6
Suppose 53 = 2*a + p, -4*p = 3*a - 2*a - 37. Suppose n - 113 = -a. What is the units digit of n?
8
Suppose -4*s - 40*s = 38368. Let u = -583 - s. What is the units digit of u?
9
Let r = 63 - 55. Suppose -r*b = -7*b + 6. What is the tens digit of b - -8 - (-36 + -1)?
3
Let g(d) = 5*d - 24. Let j be g(9). Suppose -j = 12*h + 231. Let o = h + 72. What is the units digit of o?
1
Let v = 36691 - 19181. Suppose -80*j + 70*j + v = 0. What is the hundreds digit of j?
7
Suppose 0 = 5*v - 40298 - 11887. What is the units digit of v?
7
Suppose 25*u + 4*u - 2900 = 0. Suppose u*g - 105*g + 55 = 0. What is the units digit of g?
1
Let j(n) = n**3 - 10*n**2 - 35*n + 15. Suppose 15*m = 4*m + 154. What is the tens digit of j(m)?
0
Let w = -2136 + 5633. What is the thousands digit of w?
3
What is the thousands digit of (16 + 2514)/(-10)*-5 - (0 + 5)?
1
Let f = -50220 + 77934. What is the ten thousands digit of f?
2
Let i(p) = -p**3 - 25*p**2 - 16*p + 65. Let k be i(-26). Let r = k - 777. What is the hundreds digit of r?
3
Suppose 4*s - 1 - 31 = -4*g, -5*s + 22 = -g. Let f be g/(-5)*(-3 + -2). What is the tens digit of 1/(f/(-30)*-1)?
1
Let g = -308 - -960. Let z = g + -127. What is the units digit of z?
5
Let f = 12788 - 6674. What is the tens digit of f?
1
Suppose 9*v = 14*v - 30. Suppose -k + v = 4. Suppose k*f = 4*f - 86. What is the units digit of f?
3
Suppose 0 = -5*t + 10*t - 5. Let l(s) = -24*s - 9. Let u be l(-3). What is the tens digit of 6*-2*t/6 + u?
6
Suppose -5*h - 13 = -4*m + 7, -h = 4*m - 20. What is the tens digit of 5 + m + 3 + 5?
1
Suppose x = -4*x + u - 17, 0 = -x - 5*u + 7. Let a(k) = -29*k**3 - 2*k**2 + k + 1. Let j be a(x). Suppose -2*h = 5*h - j. What is the tens digit of h?
0
Let p be 6*-3*4/36. Let r be 1 + p - 2*-358. Suppose 27*x = 14*x + r. What is the units digit of x?
5
Let m = -199 + 25. Let d be ((-2)/2)/(29/m). What is the tens digit of 224*((-15)/d)/(-5)?
1
Suppose 4*c - 4*k = 56748 - 4732, -3*c - 3*k + 39012 = 0. What is the thousands digit of c?
3
Suppose 128*n = 66*n + 66*n - 32440. What is the tens digit of n?
1
Let x be (-6)/9 + 4/12*11. Suppose -4*l + x*y + 35 = 0, -l - l = -4*y - 30. Suppose -2*u + 3*u - 62 = l*r, -2 = -r. What is the tens digit of u?
7
Suppose -204*n - 248684 + 3804194 = 285390. What is the units digit of n?
0
What is the units digit of (-10 + -353 - -5)*-11?
8
Let f = 31828 - -19587. What is the thousands digit of f?
1
Let x = -865 + 1472. Let l = x + -36